te the remainder when f is divided by h.
1
Suppose -2*n + 38 = 5*u, 0 = -4*n - 5 + 1. What is the remainder when 108 is divided by u?
4
Let i(z) = 9*z + 140. What is the remainder when 166 is divided by i(-14)?
12
Suppose 4*w - 14 = -5*o, 4*o - 2 = -2*w - o. Suppose -l - 3*l + 3*b + 127 = 0, -4*b + 12 = 0. What is the remainder when l is divided by w?
4
Suppose 142*d - 111*d = 1209. Let m(o) = o - 4. Let c be m(0). What is the remainder when d is divided by c/(-14) + 192/14?
11
Suppose 0 = 5*o - 3*o + 3*m - 17, 20 = 3*o - m. Suppose 5*s - 12 = -2, -20 = -3*g + 5*s. Suppose -2*r - g = -4*r. What is the remainder when o is divided by r?
2
Let v(o) = -o + 8. Let d be v(3). What is the remainder when 31 is divided by 12*((-115)/(-20) - d)?
4
Let v be 3 + 4 + -6 + 6. Suppose -v*s = -3*s - 40. Let i = 33 + -15. What is the remainder when i is divided by s?
8
Let h(c) = c - 13. Let q be h(5). Let v(i) = i**2 + 9*i + 11. What is the remainder when 3 is divided by v(q)?
0
Suppose 0 = 5*k - 216 - 499. Calculate the remainder when k is divided by 24.
23
Let m(i) = 3*i + 56. Suppose 4*z - 100 = -4*b, -2*z + 20 = 5*b - 4*b. Calculate the remainder when m(0) is divided by b.
26
What is the remainder when (-7 + ((-54)/(-9) - 57))*(-2)/4 is divided by 3/(((-6)/(-8))/1)?
1
Suppose 3*n = -3*b + 90, -5*b + n + 81 + 39 = 0. What is the remainder when 149 is divided by b?
24
Let b(n) = 6*n**2 - n + 22. What is the remainder when b(5) is divided by 66?
35
Let n be 22*(4/12)/(2/(-3)). Let a(z) = 2*z**2 + 7*z - 10. Calculate the remainder when a(n) is divided by 26.
25
What is the remainder when (-4 + -3 - -6)*-64 is divided by 34?
30
Suppose 4*b - 11 = 1. Suppose b*y - 23 + 8 = 0. What is the remainder when y is divided by 2?
1
Let b be (1*-6)/((-3)/2). Suppose -b = 4*y, o + 3*y = 4*o - 72. Let h = -532 - -598. Calculate the remainder when h is divided by o.
20
Suppose 5*j = 5*d - 15, -d - 4*d = 5*j - 5. What is the remainder when 34 is divided by (-108)/60*(j + -4)?
7
Let g(f) = -f**2 - 14*f + 36. Let v be g(-16). Suppose 4*r - v*u = 196, -5*r - 3*u = 2*u - 205. What is the remainder when r is divided by 8?
5
Let z(d) = -3*d**2 - 59 + 61 + 3*d + 6*d**2. Let m be z(-2). Suppose m*k - 188 = 44. Calculate the remainder when 56 is divided by k.
27
Let b = -44 + 110. Let t(r) = r + 18. What is the remainder when (3 + b)*(3 - 2) is divided by t(0)?
15
Let g = -336 - -369. Calculate the remainder when g is divided by 4.
1
Let z(o) be the third derivative of o**6/120 + o**5/15 - o**4/24 - 7*o**2. Let g be z(-4). What is the remainder when (-4 - 0)/g + 19 is divided by 10?
8
Let h be 2/11 + (-192)/(-33). Suppose -h*d + 2*d + 64 = 0. Calculate the remainder when 46 is divided by d.
14
Suppose -3*u + 85 = -416. What is the remainder when u is divided by 17?
14
What is the remainder when (-2 + -118)/((-123)/410) is divided by 8?
0
Suppose 5*m - 4*w = 32, -5*m + 3*w + 14 = 5*w. Suppose -2*d + 54 = -m. Suppose 75 = 3*i + 2*i. What is the remainder when d is divided by i?
14
Let w = 11 - -9. Let u = w - -9. Calculate the remainder when u is divided by 19.
10
Suppose 4*m - 96 + 16 = 0. Suppose -16*o - 316 = -m*o. What is the remainder when o is divided by 9?
7
Let d(o) = o**2 + 2*o - 4. Let h be d(-4). Suppose 0*y - 5*v = 3*y - 44, -v + 1 = 0. What is the remainder when y is divided by h*-3*(-14)/24?
6
Let f be (-4)/(-14) - 12/28*-11. Calculate the remainder when (-16)/(-40) - (-2 + (-583)/f) is divided by 40.
39
Calculate the remainder when 813 is divided by 5/(-40) + 123*2/48.
3
Let l(i) = -4*i**3 + 2*i**2 + 5*i + 4. Suppose 0 = t - 1 - 11. Calculate the remainder when l(-2) is divided by t.
10
Suppose -4*q + 137 = -37*y + 32*y, 0 = -q + 2*y + 35. Calculate the remainder when 52 is divided by q.
19
Let v(h) = -6*h + 0 + 69*h - 2 + 13*h. Calculate the remainder when v(1) is divided by 15.
14
Let b(x) = -20*x - 135. What is the remainder when b(-12) is divided by 19?
10
Let w(x) = x**3 - 21*x**2 + 23*x - 18. Calculate the remainder when 542 is divided by w(20).
38
Suppose y + 4*y - 15 = 0. Let a(k) = -2*k**2 - 73*k**y + 9 - k + 4 - 13. Calculate the remainder when a(-1) is divided by 37.
35
Let a = 11 - 10. Let q be (-5 + a + 0)/(-1). Suppose 6 = b - 3*j, q*b + j = -j + 38. What is the remainder when 34 is divided by b?
7
Let i(u) = 3*u**2 + 2*u + 11. What is the remainder when i(6) is divided by 6?
5
Let m(y) = -y**3 + 7*y**2 + 7*y + 3. Let l be m(7). Suppose 3*c = -c + l. Let r = 25 - c. What is the remainder when 45 is divided by r?
9
Suppose 2*t - t = -d + 9, -4*d - 5*t = -40. Suppose 0 = -d*q + 31 + 4. Calculate the remainder when 19 is divided by q.
5
Suppose 6*j - 7*j = -49. Suppose 20 = 3*l - j. What is the remainder when 114 is divided by l?
22
Let s = -1071 - -1119. What is the remainder when 93 is divided by s?
45
Let h be 4/(-14) - (-95)/(-35). Let d be (h - -4)/((-3)/(-9)). Let n = d - -9. Calculate the remainder when 22 is divided by n.
10
What is the remainder when 25 is divided by (-2 + -4)*-2 - -3 - -5?
5
Let h = -3 + 5. Suppose 0 = -0*r + h*r + 46. Let i = r - -30. What is the remainder when 19 is divided by i?
5
What is the remainder when ((-21)/12)/((-4)/656) is divided by 9?
8
Let g be (5 - 0) + 0 + 0. Suppose 2*f - 4*i = 32, -i + g*i = 0. Calculate the remainder when f is divided by 5.
1
Let a be (-290)/4*16/(-10). Suppose a*l = 118*l - 48. Calculate the remainder when 41 is divided by l.
17
Suppose -y = 4*v + 8, 5*v + 11 = 3*y - 16. Suppose -2*t + 293 = o, y*t = 3*o + 408 + 163. What is the remainder when t is divided by 21?
19
Let a = -555 - -565. Let j = -41 + 76. Calculate the remainder when j is divided by a.
5
Let i = -163 + 179. What is the remainder when 605 is divided by i?
13
Let u(t) = t**2 - t + 17. Let c be u(0). Let v = -17 + c. Suppose v = -3*q + 5*q - 64. Calculate the remainder when 62 is divided by q.
30
Let a = -21 - -24. Suppose -a*m + l + 74 = 0, 155 = 4*m - 2*l + 53. Calculate the remainder when m is divided by 13.
10
Let a be ((-32)/24)/((2/18)/1). Calculate the remainder when 32 - (-5)/(20/a) is divided by 5.
4
Let t be ((-52)/(-16))/(2/(-104)). Let a = -115 - t. Calculate the remainder when a is divided by (1 - 2) + 1*20.
16
Suppose 5*u - 108 = 7. Let k = -12 + u. Suppose -l + k = 3. What is the remainder when 21 is divided by l?
5
Suppose -2*b = 5*c - 22, 2*b + 3*c + 12 = 5*b. Let s(p) = 2*p**3 - 10*p**2 - 4*p + 7. What is the remainder when s(b) is divided by 17?
4
Suppose -n + 9 = 11. Let d = -28 + 41. Calculate the remainder when 1/(-3) + (-314)/(-6) + n is divided by d.
11
Suppose -2*b + 8 = 2*z, -z + 5 = 4*z. Let f be b + (11*8)/4. Suppose 3 - f = -2*x. Calculate the remainder when 20 is divided by x.
9
Let h = 546 - 526. Calculate the remainder when 275 is divided by h.
15
Suppose 4*n - q = 14, -19*n = -15*n - 5*q - 22. What is the remainder when 244 is divided by n?
1
Let j(h) = 2*h + 7. Let f be j(-13). Let y = -14 - f. Suppose 5*d - 4*d = y. What is the remainder when d is divided by 2?
1
Let s(q) = q**2 - 5*q - 3. Let p be s(6). Suppose -p*y + 20 = -1. What is the remainder when 24 is divided by y?
3
Let d(j) = 12*j**2 - 10*j - 28. What is the remainder when d(-3) is divided by 58?
52
Let s(c) = -56*c + 26. Let g = -51 - -48. What is the remainder when s(g) is divided by 39?
38
Let r = 51 - 27. Suppose 5*y + 13 = -4*b, 2*y - b + 3 = -3*y. Let p(k) = 12*k**2 - 4*k - 3. What is the remainder when r is divided by p(y)?
11
Suppose 0 = -f - 2*q - 4, 2 = -5*f - 5*q - 3. Suppose f + 4 = 2*s - 4*c, 5*s - 2*c = 47. What is the remainder when 51 is divided by s?
7
Let g(z) = -z**3 + 9*z**2 - 8*z + 3. Let o(t) = -t**2 - 8*t - 4. Calculate the remainder when o(-6) is divided by g(8).
2
Let b = -7 + 6. Let u = 9 + b. Let m = -2 + u. What is the remainder when 23 is divided by m?
5
Let k(v) = 15*v - 9. Let s(b) = -8*b + 4. Let j(h) = 3*k(h) + 5*s(h). Let u = -230 - -239. What is the remainder when j(6) is divided by u?
5
Let o(y) = 64*y**3 + y**2 - 2*y + 2. Calculate the remainder when o(1) is divided by 13.
0
Suppose 0 = -i - 4*f + 15, -4*i - 4*f + 26 = -2*i. Let b = 15 - i. Suppose -b*n = 5*g - 65 - 70, 4*n - 142 = 2*g. What is the remainder when n is divided by 18?
17
Suppose 51 = -v - 10. Let k = -39 - v. Calculate the remainder